
8
What is the hundred thousands digit of 60228128?
2
What is the hundreds digit of 63091753?
7
What is the hundred thousands digit of 38656150?
6
What is the hundred thousands digit of 129965993?
9
What is the hundred thousands digit of 2899643636?
6
What is the millions digit of 105871299?
5
What is the thousands digit of 14933560?
3
What is the thousands digit of 299419516?
9
What is the hundreds digit of 1732835711?
7
What is the millions digit of 1639385260?
9
What is the units digit of 21781201?
1
What is the millions digit of 211076269?
1
What is the hundred thousands digit of 379936576?
9
What is the ten thousands digit of 738165885?
6
What is the units digit of 1726313512?
2
What is the millions digit of 248430092?
8
What is the hundred millions digit of 1455718464?
4
What is the millions digit of 182067705?
2
What is the millions digit of 5950390?
5
What is the millions digit of 1045643340?
5
What is the ten thousands digit of 3890102491?
0
What is the ten millions digit of 23054099?
2
What is the ten millions digit of 4342381063?
4
What is the ten millions digit of 35931403?
3
What is the tens digit of 63442711?
1
What is the thousands digit of 218599066?
9
What is the millions digit of 889255444?
9
What is the units digit of 2003782042?
2
What is the thousands digit of 936218810?
8
What is the hundred millions digit of 753081738?
7
What is the hundred thousands digit of 762481990?
4
What is the hundred millions digit of 118193351?
1
What is the tens digit of 895127140?
4
What is the hundreds digit of 4078345303?
3
What is the tens digit of 839617?
1
What is the thousands digit of 356736955?
6
What is the hundred millions digit of 125831858?
1
What is the millions digit of 2745226?
2
What is the hundred millions digit of 128788339?
1
What is the tens digit of 246033878?
7
What is the millions digit of 2716294671?
6
What is the hundred millions digit of 209834316?
2
What is the hundred millions digit of 3170153278?
1
What is the thousands digit of 48962352?
2
What is the ten thousands digit of 26738856?
3
What is the tens digit of 832633462?
6
What is the thousands digit of 74258707?
8
What is the hundred millions digit of 379703947?
3
What is the thousands digit of 54735701?
5
What is the hundred thousands digit of 762109528?
1
What is the hundreds digit of 5770744?
7
What is the ten millions digit of 55746002?
5
What is the units digit of 175177287?
7
What is the hundred thousands digit of 361870428?
8
What is the units digit of 883742790?
0
What is the billions digit of 1419750514?
1
What is the hundred thousands digit of 425159644?
1
What is the ten millions digit of 5814060303?
1
What is the tens digit of 278438041?
4
What is the hundreds digit of 715840387?
3
What is the ten millions digit of 1020632753?
2
What is the ten millions digit of 48961260?
4
What is the ten millions digit of 3445483375?
4
What is the billions digit of 2490349501?
2
What is the hundred millions digit of 102267990?
1
What is the units digit of 229923443?
3
What is the hundreds digit of 639811284?
2
What is the ten thousands digit of 6465731?
6
What is the millions digit of 129913980?
9
What is the hundred thousands digit of 3689459033?
4
What is the hundred thousands digit of 9707587?
7
What is the ten millions digit of 23378211?
2
What is the ten millions digit of 592832053?
9
What is the units digit of 39232505?
5
What is the hundred thousands digit of 3623650771?
6
What is the thousands digit of 70717010?
7
What is the hundreds digit of 151022961?
9
What is the hundred thousands digit of 128966987?
9
What is the ten millions digit of 1897443320?
9
What is the units digit of 56353543?
3
What is the units digit of 764043469?
9
What is the hundred thousands digit of 874234559?
2
What is the units digit of 5266232842?
2
What is the millions digit of 7173073?
7
What is the hundreds digit of 1794009603?
6
What is the tens digit of 2457948503?
0
What is the thousands digit of 152146529?
6
What is the units digit of 1580223844?
4
What is the units digit of 1437139347?
7
What is the tens digit of 20031831?
3
What is the units digit of 81262836?
6
What is the ten thousands digit of 14427614?
2
What is the hundreds digit of 2391606590?
5
What is the thousands digit of 429465648?
5
What is the hundred millions digit of 240285195?
2
What is the hundred thousands digit of 4807266?
8
What is the tens digit of 50087485?
8
What is the units digit of 803507239?
9
What is the tens digit of 14470686?
8
What is the hundred millions digit of 119931980?
1
What is the hundred millions digit of 132239789?
1
What is the ten thousands digit of 2591488163?
8
What is the ten thousands digit of 359143177?
4
What is the hundreds digit of 284017063?
0
What is the ten millions digit of 8046469936?
4
What is the units digit of 47175064?
4
What is the units digit of 526451588?
8
What is the tens digit of 131720686?
8
What is the hundred thousands digit of 17589424?
5
What is the ten millions digit of 2849978149?
4
What is the tens digit of 84248750?
5
What is the thousands digit of 3932446932?
6
What is the hundred millions digit of 547138455?
5
What is the tens digit of 6331172173?
7
What is the billions digit of 1395521740?
1
What is the hundreds digit of 49094996?
9
What is the hundreds digit of 1110185126?
1
What is the hundred thousands digit of 160048019?
0
What is the millions digit of 2595343034?
5
What is the tens digit of 22384142?
4
What is the ten millions digit of 6048004166?
4
What is the thousands digit of 2250208655?
8
What is the millions digit of 2310572?
2
What is the tens digit of 1675254189?
8
What is the units digit of 79551979?
9
What is the millions digit of 433895443?
3
What is the hundred thousands digit of 507489995?
4
What is the billions digit of 2749202002?
2
What is the thousands digit of 450453722?
3
What is the hundred thousands digit of 799292559?
2
What is the ten thousands digit of 630455745?
5
What is the millions digit of 247654527?
7
What is the millions digit of 22527907?
2
What is the thousands digit of 2699094253?
4
What is the billions digit of 6965770516?
6
What is the hundred millions digit of 302056744?
3
What is the millions digit of 1660181?
1
What is the units digit of 789947438?
8
What is the hundred millions digit of 122345636?
1
What is the hundreds digit of 78172599?
5
What is the hundred thousands digit of 675198010?
1
What is the units digit of 633862674?
4
What is the tens digit of 47517709?
0
What is the billions digit of 5669570895?
5
What is the tens digit of 9619734999?
9
What is the units digit of 203794450?
0
What is the ten thousands digit of 261420964?
2
What is the billions digit of 4591349406?
4
What is the hundred thousands digit of 370096758?
0
What is the tens digit of 44740421?
2
What is the ten thousands digit of 1244815230?
1
What is the units digit of 101092124?
4
What is the hundreds digit of 123031987?
9
What is the tens digit of 1026135380?
8
What is the ten millions digit of 529751619?
2
What is the millions digit of 1995920354?
5
What is the thousands digit of 2030774666?
4
What is the hundred thousands digit of 12317176?
3
What is the hundred millions digit of 1150308992?
1
What is the ten millions digit of 166260514?
6
What is the ten millions digit of 62474601?
6
What is the hundreds digit of 91549171?
1
What is the hundred thousands digit of 1492885768?
8
What is the hundreds digit of 54321899?
8
What is the hundreds digit of 80265448?
4
What is the units digit of 2024447?
7
What is the ten millions digit of 866984914?
6
What is the units digit of 505964528?
8
What is the hundreds digit of 5531405600?
6
What is the hundred thousands digit of 925931817?
9
What is the ten millions digit of 2048303622?
4
What is the ten millions digit of 8410541201?
1
What is the hundreds digit of 111507565?
5
What is the hundred thousands digit of 2905135219?
1
What is the billions digit of 3742608574?
3
What is the thousands digit of 37775856?
5
What is the units digit of 565219?
9
What is the ten thousands digit of 1035250205?
5
What is the units digit of 50637436?
6
What is the hundreds digit of 618210278?
2
What is the hundreds digit of 325675479?
4
What is the hundred millions digit of 675659044?
6
What is the hu